ed by (-2 - 1) + 3 - -9?
6
Let l(m) = m - 9. Let o be l(6). Let w = 5 + o. Suppose 0 = -2*a - w, a - 2*a = 5*t - 289. What is the remainder when t is divided by 12?
10
Let j = 277 + -33. Suppose -72 = -4*l + j. What is the remainder when l is divided by 41?
38
Let w = -431 + 452. What is the remainder when w is divided by 9?
3
Suppose 1 - 3 = f. Let h(x) = -3*x**3 - 2*x**2 - 2. Let c be h(f). What is the remainder when 26 is divided by (5/10)/(1/c)?
5
Suppose -6*r + 5*r + 46 = 5*k, -2*r + k + 70 = 0. Calculate the remainder when 285 is divided by r*(-1 + 14/6).
45
Let i = -2015 + 2021. What is the remainder when 26 is divided by i?
2
Let y be 10*1 + (0 - 0). Let f be (21 - 16) + 9/(-1). Let v = y - f. What is the remainder when 25 is divided by v?
11
Let a be (-2)/(-7) + ((-144)/(-14))/6. Suppose z + b = -z + 23, a*b = 4*z - 50. Calculate the remainder when 47 is divided by z.
11
Suppose -50*b + 5508 = -16*b. Calculate the remainder when b is divided by 82.
80
Let o(t) = -t**3 + 9*t**2 - 19*t + 16. What is the remainder when o(6) is divided by (12/(-4))/(6/(-8))?
2
Let s(u) = 4*u**2 + 55*u + 11. What is the remainder when s(-14) is divided by 9?
7
Let p(u) be the third derivative of u**5/30 - u**4/24 + u**2. Let k(j) = -j**2 - 17*j - 8. What is the remainder when k(-7) is divided by p(-3)?
20
What is the remainder when 118 is divided by (-3 - 1) + 0 + 21 + -2?
13
Let u = 39 + 62. Let z = u - 88. Calculate the remainder when z is divided by 7.
6
Suppose 5*d + 205 = -5*p, 0 = -p - 0*p + 3*d - 37. Let z = p - -55. Calculate the remainder when 72 is divided by z.
12
Suppose -3*j + 15 + 39 = 0. Let y = j + -10. What is the remainder when 13/1*(0 - -1) is divided by y?
5
Suppose 5*q - 192 + 12 = 0. Let g be 3*-3*(0 + -10 + 1). Let u = g + -68. What is the remainder when q is divided by u?
10
Let l(i) = 31*i**2. Calculate the remainder when l(1) is divided by 19.
12
Suppose 4 + 4 = -4*t. Let z(i) = 5*i**2 + 3*i. What is the remainder when (16/5)/(t/(-25)) is divided by z(-2)?
12
Let k = 54 - 34. Suppose p = 2 + 17. What is the remainder when p is divided by (1/2)/(2/k)?
4
Calculate the remainder when 24 is divided by -20*(-6)/8 + 6/(-2).
0
Let a(z) = -17*z**3 - z**2 - 2*z. What is the remainder when 68 is divided by a(-1)?
14
Let h(c) = 23*c + 19. Let g be h(13). Suppose -g = -5*v + 2*k, -2*v + 2*k = -0*v - 126. What is the remainder when v is divided by 34?
30
Suppose -2*b - 772 = -5*r, 3*b + 294 = 2*r - 6. Suppose 3*w + r = 4*j + 2*w, -2*w = -4*j + 160. Calculate the remainder when j is divided by 20.
18
Let n = -43 - -77. Suppose -3 = -4*d - 3*g + 18, -4*d = -5*g - 29. Calculate the remainder when n is divided by (-26 - 1)*(-2)/d.
7
Let f(n) = n**2 - 5*n - 5. Let h(b) = -3*b + 10. Let a be h(4). Let r be (a/(-3))/(4/(-36)). Calculate the remainder when f(r) is divided by 16.
13
Let u(n) = -n**3 - 4*n**2 + 3*n. Let c(a) = -a**3 - 4*a**2 + 4*a - 1. Let j(h) = -3*c(h) + 4*u(h). Calculate the remainder when j(-6) is divided by 38.
37
Suppose 0 = -9*t + 120 - 30. Calculate the remainder when 29 is divided by t.
9
Let p(u) = u**3 + 27*u**2 + 50*u + 30. Calculate the remainder when 118 is divided by p(-25).
28
Let c = 56 - 33. Let f(a) = 2*a**3 - 2*a**2 + a. Let v be f(3). Suppose -q + 65 = 2*m, -v - 29 = -q + m. What is the remainder when q is divided by c?
21
Let d(y) = 3*y**3 + 7 - 2*y**3 - 18 - 9*y**2 - 8*y. Let t be 9 + -2 + (-6)/(-2). Calculate the remainder when d(t) is divided by 6.
3
Let a(m) = -3*m**2 - 58*m - 60. Calculate the remainder when 694 is divided by a(-18).
10
Suppose -n - 314 = -5*h + 196, 204 = 2*h - 2*n. Suppose 4*x = x + h. What is the remainder when 135 is divided by x?
33
Suppose -106 = -4*l + 150. What is the remainder when l is divided by 11?
9
Let x = -92 + 105. What is the remainder when 57 is divided by x?
5
Suppose 99 + 189 = 12*l. Let p = 7 + l. What is the remainder when 60 is divided by p?
29
Suppose -4*g + 615 = i, -174 - 132 = -2*g - 2*i. Calculate the remainder when g is divided by -2*155/(-8) - 10/(-40).
37
Let l(s) = 2*s**3 - 4*s**2 + 3*s + 1. Suppose 1 = 5*i - 9. What is the remainder when 14 is divided by l(i)?
0
Suppose 10 = -l - 2*n, 2*n + 12 = -2*l - 0*n. Calculate the remainder when (3/l)/((-6)/4) is divided by (1*(0 + 1))/1.
0
Let v(o) = o**2 + o - 33. Calculate the remainder when 54 is divided by v(-8).
8
Suppose -1113 = -16*h + 695. Let w = h - 102. Calculate the remainder when 31 is divided by w.
9
Suppose 2*v + 5*r + 75 = 107, 0 = 3*v + 5*r - 43. What is the remainder when v is divided by 8?
3
Let o be 0 - (-7 - (3 - 5)). Suppose -5*j = -0 - o. Calculate the remainder when 3 is divided by j.
0
Let q = -12 - 3. What is the remainder when 2 is divided by -5*3*1/q?
0
Let v be 2/17 + 234/34. What is the remainder when 24 is divided by 2/v + (-267)/(-21)?
11
Suppose i - 847 = -773. What is the remainder when 514 is divided by i?
70
Suppose -5*y + 225 = 4*t, y + 3*t = 76 - 20. What is the remainder when 245 is divided by y?
40
Let b be 7/21 + (-22)/(-6). Let k be 60/((-8)/b) - -3. Let w = 40 + k. Calculate the remainder when 37 is divided by w.
11
Suppose 0*s + k = -2*s + 13, -3*k + 15 = 0. Let c be 2*-2 + (s - 2). Calculate the remainder when (-6)/c + (2 - -1) is divided by 5.
1
Let p be (-1)/((12/4)/(-801)). Suppose p = 2*d + d. What is the remainder when d is divided by 18?
17
Suppose -35*z - 37 = -36*z. Suppose -2*f - 4*f = -78. Calculate the remainder when z is divided by f.
11
Let r = 204 + 21. Calculate the remainder when r is divided by 23.
18
Let o(x) = -577*x**3 + x**2 + x. What is the remainder when o(-1) is divided by 29?
26
Let a be -91 - (0 + -3 - -6). Let b = a - -192. Suppose 4*d - 51 = 49. What is the remainder when b is divided by d?
23
Let s = 1036 - 983. Calculate the remainder when 178 is divided by s.
19
Let q be ((-4)/8)/((-1)/(-10)). What is the remainder when 35 is divided by 1/5 - 49/q?
5
Let l = -9 + 31. Calculate the remainder when l is divided by 19 - (-7 - -16 - 2).
10
Let i(y) = 4*y**2 - 97*y - 25. Calculate the remainder when i(32) is divided by 11.
10
Let v be (16/28)/(4/14). Suppose 5*y - 25 = -5*r, 0 = -y + 5*r + 9 + v. Let p = 9 - -11. What is the remainder when p is divided by y?
2
Let g = -1055 - -1156. Calculate the remainder when g is divided by 98.
3
Let x(o) = -o**3 - 7*o**2 - 5*o + 912. Calculate the remainder when x(0) is divided by 11.
10
What is the remainder when 45 is divided by 6*((-25)/(-15) + -2) + 15?
6
Let y(i) = 82*i**2 - 8*i. What is the remainder when 279 is divided by y(1)?
57
Let c = -29 - -25. Let g = 8 - -16. Calculate the remainder when g is divided by 5*3/5 - c.
3
Suppose 2*b - 652 = -m, -3216 = -13*m + 8*m + b. Calculate the remainder when m is divided by 129.
128
Let j = 105 - 89. What is the remainder when 59 is divided by j?
11
Let s(n) = n**3 + 18*n**2 - 8*n - 90. Calculate the remainder when s(-18) is divided by 3.
0
Let n = 1037 - 901. Calculate the remainder when n is divided by 121.
15
Let q(u) = u - 4. Let b be q(7). Suppose 0 = 2*j + 3*j. Calculate the remainder when (51 + b)/(2 + j) is divided by 14.
13
Suppose -2*x - 3 = -13. Suppose i + 2*r + 0 = 19, x*i + 2*r - 119 = 0. What is the remainder when 146 is divided by i?
21
Let b(h) = -h - 10. Let l be b(-7). What is the remainder when -5 - l - (-28 + 0) is divided by 6?
2
Let o be 3 + -10 - (-1 - -1). Let y(m) be the first derivative of -3*m**2/2 - m - 3. What is the remainder when y(o) is divided by 11?
9
Let w be (2 - -13)*(-4 - -3). Let v = -6 - w. Calculate the remainder when 35 is divided by v.
8
Suppose 0 = -29*y + 27*y + 90. Calculate the remainder when 141 is divided by y.
6
Let b(n) = 17*n**2 + n. Let z be b(1). Suppose -23*k + z*k = -105. What is the remainder when 61 is divided by k?
19
Suppose 44*j + 4 = 46*j. Suppose -2*k = -5*n + 199 + 226, j*k = 2*n - 170. Calculate the remainder when n is divided by 8.
5
Suppose -s + 16 = h, -74 = -5*h - 4*s + 6. What is the remainder when 45 is divided by h?
13
Suppose -2*o = -0*o - 60. Suppose x = 4*p - 28, 2*p = 5*p - 3*x - o. Suppose p*z + 15 = 99. What is the remainder when z is divided by 8?
6
Suppose 0 = 5*t - 5, -2*t + t = -3*u + 179. Suppose -7*y = -u - 59. What is the remainder when 45 is divided by y?
11
Let r = -415 + 52